e
Is 95788237 composite?
True
Is 341401501 composite?
True
Is 121567049 composite?
True
Is 11164297 a prime number?
False
Is 8002923 a prime number?
False
Is 9621667 a prime number?
False
Is 44166497 a prime number?
False
Is 20407297 a prime number?
True
Is 929121 prime?
False
Is 12270959 prime?
True
Is 107993 prime?
False
Is 316655 composite?
True
Is 150271813 a composite number?
False
Is 8773969 prime?
True
Is 41546477 a prime number?
False
Is 44219821 prime?
False
Is 347901859 composite?
True
Is 84807343 a prime number?
True
Is 5693722 prime?
False
Is 450133 composite?
True
Is 2432449 composite?
True
Is 76248931 composite?
True
Is 428640749 prime?
True
Is 2629707 composite?
True
Is 88781791 composite?
True
Is 52652093 a composite number?
True
Is 5037101 composite?
False
Is 91543973 composite?
False
Is 122808262 a composite number?
True
Is 13023235 composite?
True
Is 20883001 a prime number?
True
Is 1527751 a prime number?
False
Is 51500494 prime?
False
Is 264679223 composite?
False
Is 95651 a composite number?
False
Is 221872639 a prime number?
False
Is 15939169 a prime number?
True
Is 63013757 a prime number?
True
Is 754195411 a prime number?
True
Is 25520687 a prime number?
False
Is 41823053 prime?
False
Is 156059 a composite number?
False
Is 107884577 composite?
False
Is 2956061 a composite number?
False
Is 179765569 a composite number?
False
Is 3563457 composite?
True
Is 23772821 prime?
True
Is 55431183 composite?
True
Is 2236901 composite?
False
Is 204417701 a prime number?
True
Is 63562661 a prime number?
True
Is 29145691 prime?
True
Is 699037 composite?
False
Is 19296811 a prime number?
True
Is 313650877 a prime number?
False
Is 32937623 composite?
False
Is 102159121 a composite number?
True
Is 3215049 a composite number?
True
Is 2583965 a prime number?
False
Is 28580537 a composite number?
True
Is 8647391 composite?
False
Is 2539123 a composite number?
False
Is 44930299 a composite number?
False
Is 10309759 a prime number?
False
Is 90599651 a prime number?
False
Is 529381 prime?
True
Is 1354741 a prime number?
True
Is 9947341 a composite number?
True
Is 77966209 a composite number?
True
Is 317209 a composite number?
False
Is 4108501 a prime number?
False
Is 11431879 prime?
True
Is 351060211 a composite number?
True
Is 5535415 composite?
True
Is 38699435 a composite number?
True
Is 186587761 a prime number?
False
Is 27745423 a prime number?
False
Is 34583921 a prime number?
False
Is 761220685 a prime number?
False
Is 628027 prime?
False
Is 180971603 prime?
True
Is 160251271 composite?
False
Is 49538059 a composite number?
False
Is 508082 prime?
False
Is 208164553 a prime number?
False
Is 8850013 prime?
False
Is 106757629 a prime number?
False
Is 55579411 a composite number?
False
Is 141793 composite?
False
Is 1796477 prime?
True
Is 25953749 composite?
False
Is 34885769 composite?
False
Is 398965307 composite?
True
Is 66693763 prime?
True
Is 39162023 a prime number?
True
Is 4100783 a prime number?
False
Is 2307679 a prime number?
False
Is 18345143 composite?
True
Is 45794429 composite?
False
Is 1926033141 a composite number?
True
Is 79248319 prime?
False
Is 97467827 a prime number?
False
Is 1413090403 a prime number?
True
Is 28726001 a composite number?
False
Is 98606966 prime?
False
Is 395924017 a prime number?
True
Is 10001419 a prime number?
True
Is 649263 composite?
True
Is 89136029 a prime number?
False
Is 535708603 prime?
False
Is 8199673 prime?
True
Is 24660223 a prime number?
False
Is 12060451 a prime number?
False
Is 31688071 prime?
True
Is 14210173 composite?
True
Is 66582962 a composite number?
True
Is 41274053 a prime number?
True
Is 5910457 composite?
True
Is 3732761 composite?
False
Is 5007619 a prime number?
True
Is 16135871 composite?
True
Is 4989731 a composite number?
True
Is 848302349 composite?
True
Is 2451157 a composite number?
True
Is 2383841 a composite number?
False
Is 353859283 composite?
True
Is 571699 a prime number?
True
Is 9476741 a composite number?
True
Is 753229 a composite number?
False
Is 6144349 composite?
False
Is 12733597 composite?
False
Is 15474269 composite?
False
Is 82264939 prime?
False
Is 111578861 composite?
False
Is 4093961 composite?
False
Is 158189 a prime number?
True
Is 773854 a composite number?
True
Is 28185323 composite?
True
Is 297763 a composite number?
True
Is 12061291 composite?
True
Is 622177873 a composite number?
True
Is 603841 prime?
False
Is 1118785661 a composite number?
True
Is 26550561 a composite number?
True
Is 588730231 a prime number?
True
Is 33895 a composite number?
True
Is 15911603 a prime number?
True
Is 261248551 prime?
False
Is 6113031 prime?
False
Is 607989157 a prime number?
True
Is 6057341 composite?
True
Is 4836295 a composite number?
True
Is 84162151 composite?
False
Is 57339851 a prime number?
False
Is 31133449 prime?
True
Is 1146161 a prime number?
False
Is 17101621 a prime number?
True
Is 3941137 a prime number?
True
Is 733926379 a composite number?
True
Is 12407803 prime?
True
Is 1986029 a prime number?
True
Is 192749233 prime?
True
Is 1778027 a prime number?
True
Is 114426451 composite?
False
Is 133720957 a composite number?
False
Is 5161111 a composite number?
False
Is 883661 a composite number?
False
Is 611389 composite?
False
Is 2111713 a prime number?
True
Is 16570693 a composite number?
False
Is 504196247 a composite number?
False
Is 26490743 prime?
False
Is 586783 prime?
False
Is 46192787 a composite number?
False
Is 132200273 composite?
False
Is 1462801 composite?
False
Is 457447 prime?
False
Is 716014391 a composite number?
False
Is 38925967 composite?
True
Is 83602369 prime?
True
Is 21665489 prime?
True
Is 35025817 a composite number?
True
Is 6797477 prime?
True
Is 8157881 a prime number?
False
Is 22441871 prime?
True
Is 65262935 a prime number?
False
Is 2515897 a composite number?
False
Is 1271317 prime?
True
Is 51895499 a prime number?
True
Is 74227987 a prime number?
True
Is 108688555 a composite number?
True
Is 4390391 a composite number?
True
Is 900620207 composite?
False
Is 10884341 composite?
True
Is 1820699 a prime number?
True
Is 834131 composite?
False
Is 1242205 a prime number?
False
Is 389671343 a prime number?
True
Is 4464671 a composite number?
True
Is 33363583 a prime number?
False
Is 36769889 prime?
False
Is 8935577 a prime number?
False
Is 575349373 a prime number?
True
Is 4456283 composite?
True
Is 578846659 prime?
True
Is 209500427 a prime number?
True
Is 75797 a composite number?
False
Is 1778681 prime?
False
Is 607707377 a prime number?
False
Is 179064751 prime?
True
Is 1678199 prime?
True
Is 6671333 a composite number?
True
Is 10764443 composite?
False
Is 159820301 a prime number?
True
Is 101047207 a prime number?
False
Is 3003321 prime?
False
Is 53898191 a composite number?
True
Is 4281967 a prime number?
True
Is 155929009 a composite number?
False
Is 33243898 prime?
False
Is 3564833 a composite number?
True
Is 27457154 a composite number?
True
Is 216893 composite?
True
Is 1010929 a prime number?
True
Is 261201401 composite?
False
Is 7549103 composite?
True
Is 2130379 a prime number?
True
Is 281208451 a prime number?
False
Is 17112187 a composite number?
False
Is 436560301 a prime number?
True
Is 489248009 prime?
False
Is 8091449 prime?
False
Is 14059343 a composite number?
False
Is 9127519 prime?
True
Is 21235723 prime?
True
Is 139486247 a composite number?
True
Is 598820615 a prime number?
False
Is 4846987 a composite number?
False
Is 9480089 composite?
True
Is 339424559 prime?
True
Is 29401927 a composite number?
False
Is 6406427 composite?
False
Is 924899 composite?
True
Is 48453935 prime?
False
Is 37580861 composite?
True
Is 4039439 prime?
False
Is 17070709 prime?
False
Is 596819 composite?
True
Is 106100303 composite?
True
Is 13437659 prime?
False
Is 131109697 prime?
True
Is 157091953 composite?
False
Is 368066909 prime?
False
Is 1725421 prime?
False
Is 227281094 a composite number?
True
Is 292130447 a composite number?
True
Is 57030383 prime?
False
Is 2344921 a prime number?
True
Is 374441743 prime?
False
Is 19076879 prime?
True
Is 20620267 prime?
False
Is 19556059 prime?
False
Is 231835931 prime?
True
Is 60635693 a prime number?
True
Is 52433903 a prime number?
False
Is 533777 composite?
False
Is 1834530101